 v be 12/10*2/4*3000/90. Let h(f) = f**2 - 16*f - 87. Calculate h(v).
-7
Let k(n) = -2*n**2 - 8*n - 9. Let x = 4204 - 4211. Give k(x).
-51
Let x(o) = -91*o - 90*o - 164*o + 202 + 279*o. What is x(3)?
4
Let q(v) = 5*v**2 - 3*v + 5. Let i be (-184)/44 - 4/(-22). Let m(n) = 3*n**2 - n + 2. Let p(h) = i*q(h) + 7*m(h). Let z be (-4 - -1)/1*2. Determine p(z).
0
Let x(o) = o**2 - 10*o - 27. Let z be 1 + (-37)/((-37)/12). Calculate x(z).
12
Let b(t) = -t**3 + 6*t**2 - 8*t + 7. Let z be b(4). Let c = 26 - 19. Let s(j) = -41*j**3 + 4*j**2 - 1 + 40*j**3 - c*j + 4*j**2. What is s(z)?
-1
Let j(w) = -w - 1. Let s be j(-8). Suppose -t - 3*i = -s, 4*i + 0*i - 9 = -t. Let v(m) = 9*m - 273*m**2 + 272*m**2 - t - m. What is v(4)?
15
Let g(f) = -6*f**2 - 15*f - 1. Let h(u) = 47*u**2 + 128*u + 7. Let z(k) = 17*g(k) + 2*h(k). What is z(-2)?
-37
Let b(r) = -r**3 + 4*r**2 + 8*r - 6. Let a be (20/(-12))/((-50)/180). Calculate b(a).
-30
Let l(b) = -2*b**3 - 15*b**2 - 2*b - 12. Let h be 16/(-25 + (23 - 0)). Calculate l(h).
68
Let q(x) be the first derivative of x**3/3 + x**2/2 - 45*x - 58. Let r be q(6). Let z(w) be the third derivative of -w**4/4 - 2*w**3/3 + 2*w**2. What is z(r)?
14
Let g(f) = -47*f + 136. Let l be g(3). Let n(x) = x**3 + 6*x**2 + 7*x + 11. Calculate n(l).
1
Let z(i) = -i**3 - 18*i**2 - 13*i + 58. Let u(x) = -78*x + 3883. Let l be u(50). What is z(l)?
-10
Let d(s) = s**2 + s. Let u(x) = 7*x**2 + 13*x + 5. Let l(a) = 6*d(a) - u(a). Let y = 33986 + -33993. What is l(y)?
-5
Let t be 2/4 - 9/(-6). Let y(d) = 5*d - 5*d**t + 1 + 0*d**3 - 8 - d**2 + d**3. Let j(z) = -113*z + 909. Let o be j(8). Calculate y(o).
-7
Let g(u) = 1020833*u + 1 - 1020832*u + 49*u**2 - 1. Calculate g(-1).
48
Let r = -9943 - -9948. Let i(x) be the second derivative of -25*x + 0*x**3 + 0 + 0*x**4 + 11/20*x**r - 1/2*x**2. Determine i(1).
10
Let k be 3/(-2)*290/(-87). Let t(m) = 5*m - 26. Let g be t(k). Let y(h) = -11*h + 1. Determine y(g).
12
Suppose 21*d + 12*d + 12*d = -33*d. Let g(c) = -3*c**3 + 8*c**2 + 5. Let h(x) = -2*x**3 + 5*x**2 + 3. Let t(i) = -5*g(i) + 8*h(i). Determine t(d).
-1
Let y(n) = -2*n - 1. Let r(q) = q**2 + 3*q. Let h be r(-4). Suppose 3*d + 3*z + z = 17, 49 = 3*d - 4*z. Let l be -4 + d - 1/2*h. Determine y(l).
-11
Let f be 2/6 - 8/(-3). Let j(r) = -r + 4 + 6*r - 4*r**2 - r**f - 2. Let z = -10007 + 10002. Determine j(z).
2
Let y = 7823 - 7850. Let k(n) = n**2 + 26*n - 23. Calculate k(y).
4
Suppose 4*u + 18*r - 21 = 15*r, 2*u + 2*r = 10. Let n(a) = -a**3 + 6*a**2 + 2*a - 7. What is n(u)?
5
Let a(i) be the third derivative of -i**6/120 - 13*i**5/60 - i**4/3 + 26*i**3/3 - 69*i**2 + i. Calculate a(-12).
4
Let p(h) be the third derivative of 0 + 1/8*h**4 - 1/30*h**5 - 2/3*h**3 + 226*h**2 + 0*h + 1/120*h**6. What is p(3)?
14
Let k(w) = -3*w + 166. Let y(a) = 5*a - 322. Let h(s) = -11*k(s) - 6*y(s). Give h(-33).
7
Let y = -8013 - -8013. Let s(x) = 3*x**3 - 2*x**3 + x**2 + 0*x**3 + 11 - 2 + 2*x. What is s(y)?
9
Let p(c) = -c**3 + 5*c**2 - 5*c + 4. Let y(v) = 3*v**2 - 10. Let u be y(-3). Suppose -12*r - u = -5. Let m be r + (-39)/(-8) + 9/72. Determine p(m).
0
Let i(j) = 8*j + 12. Suppose -38*f - 12 = 102. Give i(f).
-12
Suppose 4 = 2*s - 4. Let d(b) = -b**2 - 2*b - 19. Let h(x) = x**3 - 3*x**2 + 4*x + 43. Let z(n) = 2*d(n) + h(n). Give z(s).
-11
Suppose 0*p = 3*p + 3*o + 39, 0 = 5*p - 2*o + 58. Let j be (-2 - -1)/((27/p)/9). Suppose -2*a + j*d = 3*a - 3, 4*a - 9 = d. Let u(s) = -2*s + 4. Calculate u(a).
-2
Let j(t) = 97*t + 6. Suppose -200*r = 18 - 418. Give j(r).
200
Let v = -364 - -365. Let a(y) = -3 + 4 - 10*y + 0 + 12*y + v. Determine a(5).
12
Let l(k) = 12*k - 3. Let w(g) = -g**2 + 229*g + 1171. Let j be w(-5). Calculate l(j).
9
Suppose -4*y - 6 = -o, -2*o + 84 = 3*o - 2*y. Suppose -o*g = -31*g + 13. Let t(f) = -14*f. Calculate t(g).
-14
Suppose 141 - 13 = -16*u. Let h(y) = 5*y**2 + 2*y - 1. Let m(q) = 9*q**2 + 5*q - 1. Let v(b) = 7*h(b) - 4*m(b). What is v(u)?
-19
Let a(o) be the second derivative of 78*o + 0 + 1/2*o**2 + 2/3*o**3. What is a(-1)?
-3
Let d(i) = -4*i**3 + 12*i**2 + 2*i + 5. Let p = -468 - -469. Let q(o) = o**3 + 2*o**2 + 1. Let m(n) = p*d(n) - 6*q(n). Determine m(1).
-9
Let m(y) be the second derivative of -y**3/6 - 23*y**2 - 3769*y. Give m(-20).
-26
Let f(x) = 66 + 8 + 8*x - 80. Determine f(-5).
-46
Let h(f) be the second derivative of f**5/20 + 5*f**4/12 - 7*f**3/6 - 7*f**2/2 - 124*f. Let y be h(-6). Let z(g) = 10*g. What is z(y)?
-10
Let p(f) be the third derivative of f**8/20160 - f**7/280 + f**6/120 - f**5/20 + 5*f**3/6 + 45*f**2. Let x(y) be the third derivative of p(y). Determine x(18).
6
Let v(p) be the second derivative of 7*p**3/6 - p**2/2 - 11*p + 3. Calculate v(1).
6
Let v(f) be the second derivative of -7*f**4/3 + 5*f**3/6 - 2*f**2 + 50*f - 7. Calculate v(1).
-27
Let i(z) be the first derivative of -z**3/3 + z**2/2 - 20*z + 229. Let y be ((-12)/(-10))/(20/(-50)). Let v be ((-2 + 2)/y)/(-2). Give i(v).
-20
Suppose 5*x - 15 = -4*s, 0*x - x - 5*s = 18. Let i(d) = 7 - x + d - 10*d**3 + 16*d**3. Let l(g) = -2*g - 35. Let a be l(-18). What is i(a)?
7
Let z(w) = w**2 - 24*w + 29. Let h be (-4)/(-2) - (-56 - -43). Determine z(h).
-106
Let j(a) = 6*a - 5 - 4*a + 62959*a**2 - 62958*a**2. Determine j(-3).
-2
Suppose -11*z + 8 = -25. Suppose -s + 8*r + 2 = 10*r, 2*r - 6 = -z*s. Let h(u) = u**3 - u**2 - 4*u + 5. Give h(s).
1
Let f be 1/(-1) - -6 - 0. Let p(y) = 3 + y + 3*y - 4*y + f*y**2 + 4*y. Suppose 4*u + 8 = -0*u. Calculate p(u).
15
Let o(a) be the second derivative of -a**6/720 - a**5/60 - 3*a**4/2 - 9*a - 4. Let r(w) be the third derivative of o(w). Give r(6).
-8
Let b = 32111 - 32083. Let o(f) = -6*f**2 + 171*f - 78. What is o(b)?
6
Let d(z) be the first derivative of 11*z**2/2 - 106*z - 6766. What is d(9)?
-7
Let s(f) = -11*f - 11 + 6*f + f + 5*f. Let j = 223 - 212. Give s(j).
0
Let z(d) = 113*d - d**3 + 0*d**3 - 95*d - 58*d + 43*d**2 - 85. Let a be z(42). Let x(b) = 5*b**3 - b - 1. What is x(a)?
-5
Let b be ((-3)/(-6))/((-13)/(-676)). Suppose 64 - 12 = b*g. Let f(w) = 13*w + 2. Determine f(g).
28
Let n(y) be the third derivative of -y**5/60 + y**4/4 - y**3/6 - y**2. Let b = 2854 + -1647. Let s = 1210 - b. What is n(s)?
8
Let i(s) = s - 12. Let w(v) = 92*v + 117. Let u(c) = -2*i(c) - w(c). Determine u(-1).
1
Let x(w) be the first derivative of -w**3/3 + w**2/2 + 15*w - 88. Let g be 1 + 2/2 - (-8)/(-4). Calculate x(g).
15
Let f(b) be the first derivative of b**6/120 + 3*b**5/20 - 5*b**4/12 - 5*b**3/6 + 2*b**2 + 2*b - 9. Let g(c) be the second derivative of f(c). Give g(-10).
-5
Let v(d) = -d**2 - 11*d - 8. Let c(h) = -h - 10 - 2 + 16 + 10. Let i(x) = 6*x**2 + x. Let w be i(-2). Let n be c(w). Calculate v(n).
16
Let v(s) = -3*s - s**3 - 4*s + 2*s - 4*s + 10*s - 4. Suppose -10 = -6*k + 4*k. Suppose -k*j - 3*z = -3*j, 0 = -5*z. Give v(j).
-4
Suppose 4 - 16 = 2*h - 0*h. Let s(k) = k**2 + 8*k - 6. Let n(w) = -3*w**2 - 25*w + 19. Let y(v) = -2*n(v) - 7*s(v). What is y(h)?
4
Let j = -5662 - -33973/6. Let w(c) be the second derivative of 1/20*c**5 + 0 - 4*c**2 + 2*c + 1/12*c**4 - j*c**3. Calculate w(0).
-8
Let l(q) be the third derivative of 0 + 0*q - 90*q**2 - 1/24*q**4 - 1/3*q**3. What is l(-5)?
3
Let u be (67/2)/(7 - 91/14). Suppose -u*p = -62*p - 45. Let q(l) = -l**2 + 10*l - 8. What is q(p)?
1
Let s(j) = -j**3 - 13*j**2 - 24*j - 14. Let x be 1 + -23 - (-79 + 68). Calculate s(x).
8
Suppose -2*n - 148 = -5*u - 134, 4*n - 4 = 2*u. Let f(i) = -i**3 + i**2 + 8*i - 4. Give f(u).
-20
Let d(u) = u. Let k(g) = -3 + 158*g**2 + 94*g - 203*g**2 - g**3 - 1 + 2. Let v be k(-47). Give d(v).
-2
Let a be (0 - -1) + (2 + -14 - -7). Let m(y) be the first derivative of -2 - 1 - 9*y + 2*y**2 + 8*y. Give m(a).
-17
Let g = 1845 - 1861. Let t(c) = -6*c - 77. Calculate t(g).
19
Let o(d) = 3*d**2 + 35*d + 106. Let x(i) = i**3 + 9*i**2 - 117*i - 86. Let s be x(-16). What is o(s)?
4
Suppose -208 + 200 = -4*n. Let m be -1 - (-2 + 0)*n. Let p(o) = -2*o**2 - 4*o + 2. What is p(m)?
-28
Let x(g) = 66*g - 267*g + 59*g + 19 + 74*g + 67*g. Give x(19).
0
Let u(v) = -v**3 - 3*v**2 + 6*v + 4. Let w(f) = 8*f - 50. Let d be w(8). Suppose b = -16 + d, p + b = -7. Determine u(p).
24
Let y be 13/(26/(-4)) - (-12)/(-1 + 5). Let b(p) = -64*p. What is b(y)?
-64
Let j(s) = s**3 + 4*s**2 - 6*